 k = -5619 + 7901. What is the thousands digit of k?
2
Let q(d) = 2*d**3 + 14*d**2 + 4*d + 4. Let g = 26 + -32. What is the tens digit of q(g)?
5
Suppose 0*s + 2*s = 8. Let y(z) = 2*z**2 + 6*z - 2. What is the units digit of y(s)?
4
Let g = 898 - 440. What is the tens digit of g?
5
Let v = -4967 + 10181. What is the tens digit of v?
1
Let x(h) = h**2 + h - 6. Let z be x(2). Suppose 3*a - 965 = -4*i, -2*i + 0*i - a + 481 = z. What is the hundreds digit of i?
2
Let i(p) = -6*p - 5*p**3 - 7*p**2 + p**2 + 3 + 4*p**3. Let k be 50/15*(-3)/2. What is the units digit of i(k)?
8
Suppose -5 = -4*p + 5*p, -579 = -3*t - 3*p. Suppose -4*g = 3*i - 558, -4*i = 2*g - 942 + t. What is the units digit of i?
6
Let n = -16 + 18. Suppose -4*s = -0*s, -2*s = n*g - 104. What is the tens digit of g?
5
What is the hundreds digit of 3643 + ((-3)/4)/((-12)/48)?
6
Let t(c) = c**2 + 4*c - 1. Let q = -18 - -11. Let g be t(q). What is the tens digit of (-2 + g/12)*-117?
3
Let a(h) = h**2 - 9*h - 19. Let u be a(11). Suppose -u*q + 474 = -0*q. What is the hundreds digit of q?
1
Let h = -28 - -33. Suppose -520 + 125 = -h*l - 4*w, 5*l - w = 370. What is the tens digit of l?
7
Suppose -2*p + 4 = 0, 5*p - 12 - 2 = o. Let c(t) = t - 2*t + t + t**2 + 3. What is the units digit of c(o)?
9
Let v(p) = -p**2 - p - 7. Let u be v(0). Let m(a) = 2*a**2 - 11*a - a**3 + 2*a**2 - a**2 - 5 - 11*a**2. What is the tens digit of m(u)?
2
Let g be 6/33 - 212/(-44). Let x be 17/(-1 - (3 - g)). Let i = x + -9. What is the units digit of i?
8
Let b = -38 + 66. What is the units digit of b?
8
Let j(c) = 3*c**2 - 13*c - 8. Let m(l) = 3*l**2 + 5*l - 6. Let o be m(-3). What is the tens digit of j(o)?
2
Let j = 22 + -23. What is the units digit of j*(-16)/4 + 27?
1
Let u(f) be the third derivative of 5*f**5/4 + f**3/6 + 8*f**2. What is the units digit of u(-1)?
6
Let s(w) be the third derivative of w**6/60 - w**5/60 + w**4/24 - 2*w**2. Suppose -n - 12 = -3*g, -4*n = -3*n - 5*g + 22. What is the tens digit of s(n)?
4
Let k be (3/6)/((-1)/(-44)). Let w = 26 - k. Suppose -z = w*c - 42, 3*z + 0*z - 150 = -4*c. What is the tens digit of z?
5
Let c = -2 + 8. Suppose -x - 3*w = -42, -x + 2*w = -c - 61. What is the tens digit of x?
5
Let v be -2*1 - (-2 - 1 - -111). Let r = 223 + v. What is the units digit of r?
3
Let w(z) = -z - 5. Let u be w(-5). Suppose u = -2*r + 32. What is the units digit of (18/8)/(6/r)?
6
Let l(v) = -v**3 + 4*v**2 + v - 2. Let o(w) = -w**2 + 7*w + 4. Let u be o(7). Let z be l(u). Suppose 0 = -z*p + 7*p - 75. What is the tens digit of p?
1
Suppose -3*p - 3*k + 27 = 0, -3*p + 5*k = -2*p - 15. Suppose -8*f + 3*f + 2 = 2*d, 4*d = 2*f + 4. What is the units digit of d/2 - (-325)/p?
3
Suppose 4 + 40 = 2*b. Let o = b - 20. What is the units digit of -60*(1/o)/(-1)?
0
Suppose 0 = -5*g + 42 + 13. Suppose g = d + 9. Suppose 0 = -3*l - d*l + 50. What is the tens digit of l?
1
Suppose -37*i = -32*i - 7965. What is the units digit of i?
3
Let n = -233 + 431. Suppose -4*t + 2*x = n, 2*t + 2*t - x = -203. Let p = t - -87. What is the tens digit of p?
3
Let o(c) = -7*c**2 - 4*c - 9. Suppose 4 = -3*u + 2*u. Let h be o(u). What is the units digit of 152/7 - 30/h?
2
Let o be 9/(36/(-40))*-1. Suppose -o*i + 228 = -7*i. What is the units digit of i?
6
Let p = 583 + -783. Suppose 3*f = 5*n + 10, 4*n - 2*f + 0*f + 8 = 0. What is the units digit of n/(-13) + p/(-52)?
4
Let a(x) = 5*x**2 + 29. What is the tens digit of a(0)?
2
Suppose -3*v + 1590 = 3*r, 4*r - 21*v = -19*v + 2108. What is the units digit of r?
8
Let q(o) = -2*o**2 + 15*o - 8. Let l be q(6). Let w = 182 - l. What is the tens digit of w?
7
What is the tens digit of 0 + 6 - 4 - -89?
9
Let n(i) = 6*i - 2. Let y be n(1). What is the units digit of y*-1 + (-1080)/(-6)?
6
Let l = 20 + -18. Suppose 201 - 43 = l*y. What is the units digit of y?
9
Let a = 165 - 19. What is the tens digit of a?
4
Let q = 53 - 51. Suppose -q*o - 71 = -329. What is the tens digit of o?
2
Suppose 0 = -2*p + 4*p - 66. Suppose p = y - 14. What is the units digit of y?
7
Let o = -27 - -22. Let d(w) = -17*w + 14. What is the tens digit of d(o)?
9
Suppose 5*d - 37 = -4*a, -7*a + 42 = -2*a + 2*d. Let c(z) = -3*z**2 + 31*z + 7. What is the tens digit of c(a)?
6
What is the thousands digit of -3 + 35*5902/65?
3
Let l be -17 - 6/(-1 + -2). Let i = 20 + l. Suppose 30 = -2*c + i*c. What is the units digit of c?
0
Let w = 1684 - 11. What is the units digit of w?
3
Let w = -29 - -32. Let y = -6 + 7. Suppose -2 - y = -w*t. What is the units digit of t?
1
Suppose 2*k + 0 = 52. What is the units digit of k/(-65) + (-164)/(-10)?
6
Let j(l) be the second derivative of -22*l**3/3 + l**2 - 11*l. What is the units digit of j(-1)?
6
What is the tens digit of 254 - ((-231)/44 + 1/4)?
5
Let w(c) = -c - 4. Let t be w(-6). Let a be (2/2)/(5/25). Suppose -4*v - a*q = -2*v - 9, 4*v = -t*q + 58. What is the tens digit of v?
1
Let u be (-37)/(-3) - 1/3. Let q be ((-2)/(-3) - 0)*u. Suppose -2*c + 5*k + 47 = 0, -4*k + q + 12 = 0. What is the units digit of c?
6
Let a = 447 - 358. What is the units digit of a?
9
Suppose 0 = 2*f + g - 277 - 317, -2*g = -4*f + 1188. What is the tens digit of f?
9
Let i = 21 - -19. Let x(k) = 2*k - 6. Let u be x(5). Suppose 2*v - u*w - i = -v, w = 5. What is the tens digit of v?
2
What is the units digit of 382925/340 - (2 + (-7)/4)?
6
Suppose -2*t + 131 = -459. Suppose -5*m = -3*h + 179, -5*h + t - 3 = -2*m. Let p = h + -22. What is the units digit of p?
6
Suppose 0 = -p + 1 + 1. Let s(g) = 2*g**2 + g**p - 2 - g + 2*g**2. What is the tens digit of s(2)?
1
Let u(w) = w**2 + 5*w - 5. Suppose -5*n + g = 22 + 5, 4*n - 4*g = -12. Let j be u(n). What is the units digit of (18/27)/(j/24)?
6
Let u be ((-6)/12)/(3/(-30)). Suppose p = 5*m + u, p - 7 = 2*m - 2. Suppose m*c = 4*c - 264. What is the tens digit of c?
6
Let y(q) = 17*q + 40. What is the tens digit of y(2)?
7
Let z(u) = 481*u**2 - 24*u - 89. What is the hundreds digit of z(-3)?
3
Let h(c) = 19*c**2 - 7*c + 8. Suppose -5*u - 9 = 3*x - 0, -2*x = -4*u - 16. What is the tens digit of h(x)?
7
Suppose 3*n = 3*t - 6, -n = -3*t - 0 + 2. Suppose 0 = 5*d - 13 - 7. Suppose -d*u + t*b + 5*b = -140, u + 4*b - 35 = 0. What is the tens digit of u?
3
Let q(x) = -x**3 - 13*x**2 + 18*x - 22. What is the hundreds digit of q(-16)?
4
Let t be (-8 - -3 - 767)/(-2). Let x = t - 145. What is the hundreds digit of x?
2
Suppose c + 3*c = 120. Suppose -c = -5*s - 2*y, -17 = -3*s - 3*y + 2*y. Suppose -p - 45 = -5*p + 5*n, 0 = -5*p + s*n + 45. What is the units digit of p?
5
Suppose -i + 5*i = 28. Suppose -i*m = -2*m - 1125. What is the units digit of m?
5
Suppose 0 = 3*s + 3, 2*b - 4*s + 23 = 3. Let n = b - -6. What is the units digit of (-292)/n - 2/(-6)?
9
Let d = -1044 + 1741. What is the tens digit of d?
9
Suppose 3*s - 606 + 183 = 0. Let j = -80 + s. What is the tens digit of j?
6
Let k be 576/(-42) + 2/(-7). Let m be -658*(1 + (-10)/k). What is the units digit of 4/18 + m/(-27)?
2
Let s(o) = -o**3 + 52. Let r = -29 - -29. What is the tens digit of s(r)?
5
Let l(r) be the third derivative of 0 + 0*r + 1/60*r**5 - 1/12*r**4 - 1/3*r**3 - 2*r**2. What is the units digit of l(4)?
6
Let s(z) = -48 + 3*z + 41 + z**2 + 3*z. Let n be s(-6). What is the units digit of 113/6 + n/(-42)?
9
Suppose 2*b + 4*n - 252 = 0, -3*b - 6*n + 366 = -4*n. What is the units digit of b?
0
Let s(k) = 25*k. Let q = -18 + 8. Let t = q + 11. What is the units digit of s(t)?
5
Let h(t) = -t**3 + 2*t**2 + 3. Let q be 2 - (-3)/6*0. Let g be h(q). Suppose g*l - 75 - 16 = 2*v, -5*v - 25 = 0. What is the units digit of l?
7
Suppose 0 = 2*u - 0*f - f - 2546, -2*f = u - 1278. What is the hundreds digit of u?
2
Suppose -b - 96 = 4*v, -5*v - 120 = b - 0*b. Let y = v + 24. Suppose -5*q + 3*q + 48 = y. What is the units digit of q?
4
What is the thousands digit of 1/((3/(-3483))/(-1))?
1
Suppose 2 = x - 0. Suppose -c - 60 = -a - 4*a, -4*a + x*c + 42 = 0. Let v = 1 + a. What is the units digit of v?
4
Let c(g) = -g**2 - 48*g - 20. What is the units digit of c(-28)?
0
Let v(f) = 5*f - f + 7*f - 3 + 15 + f**2. Let a be v(-10). Suppose 3*h = -a*r + 140, -3*h = 4*r + 153 - 433. What is the units digit of r?
0
Let h = 5 + 8. Suppose -3*g + 245 + h = 0. What is the tens digit of g?
8
Suppose -6